43 = -5*l - 0*l - h. Suppose o + 0*o = l. What are the prime factors of o?
3
Suppose 0*q + q = 39. What are the prime factors of q?
3, 13
Let f(h) = -h**2 - 6*h - 3. Let l(r) = r - 6. Let v be l(5). Let i = -5 - v. What are the prime factors of f(i)?
5
Let c(d) = -d**3 + 6*d**2 - 2*d + 2. Let p be c(5). Let u = 19 - p. What are the prime factors of u?
2
Let b be (-22)/8 + (-2)/8. Let o be 34/4 + b/(-6). Suppose d - 1 = o. What are the prime factors of d?
2, 5
Let c(m) = -m**3 - 8*m**2 + 5. Let p be c(-8). Let u be p/((-15)/(-54))*1. List the prime factors of (-4)/3*u/(-4).
2, 3
Let j be -1 + 0 + (-2)/2. Let m = 6 + j. List the prime factors of m.
2
What are the prime factors of (-17)/(-2*3*(-3)/(-90))?
5, 17
Let z be (6/5)/((-30)/(-100)). Suppose -z*y = -y. Let d = y + 3. What are the prime factors of d?
3
Let c = -382 - -565. What are the prime factors of c?
3, 61
Let g = -13 - -15. Let c(b) = 2*b**2. What are the prime factors of c(g)?
2
Let a(m) = -m**3 - 10*m**2 - 11*m - 9. Let v be a(-9). Suppose 0 = -h + 3*c - c - 9, 4*h = -c - v. What are the prime factors of 2 - 0 - 6/h?
2
Let s = -83 - -198. List the prime factors of s.
5, 23
Let p(y) = -y**2 - 9*y + 6. Let l(c) = -3*c + 2. Let w(r) = -8*l(r) + 3*p(r). Let v be w(2). Let m = 31 + v. List the prime factors of m.
3, 5
Let g be 22*(0 - 4/(-8)). What are the prime factors of (-8)/(-44) - (-339)/g?
31
List the prime factors of 3/((-18)/(-15))*48.
2, 3, 5
Let m = -11 + 11. Suppose -5*n + 28 = -2*t - 31, m = -4*n - 5*t + 67. What are the prime factors of n?
13
Let h(c) = -5*c + 2. Let z(u) = -15*u + 6. Let i(r) = -8*h(r) + 3*z(r). Let y be i(4). Let g = y + 26. List the prime factors of g.
2
Suppose -x - 40 = -5*x. What are the prime factors of x?
2, 5
Let i(v) = 2*v - 10. Let f be i(8). Let o = 6 - f. Suppose -3*u + 40 = -5*k, 4*u = -o*k - 5*k + 100. List the prime factors of u.
2, 5
Suppose -1 - 5 = -2*r. Suppose 3*t = -x + 25, -2*t + x = r*t - 39. Suppose -g = 3*g + 5*j - 68, -5*j + t = -g. What are the prime factors of g?
2, 3
Let s(n) = -2*n**2 - 32*n - 8. List the prime factors of s(-10).
2, 7
List the prime factors of 8/((1 + 1)/(-6 + 21)).
2, 3, 5
Let o(b) = b**2 - 3*b. List the prime factors of o(4).
2
Suppose -3*p = 4*u - 915, 5*p - 4*u = 2*p + 939. List the prime factors of p.
3, 103
Suppose -v - v = 4, l - 4*v = 30. Suppose -5*d + 3*d = -l. What are the prime factors of d?
11
Let q be -15 + 16 - (-3 + 0). Suppose -4*y = -a - 64, -16 = -y - a - q*a. What are the prime factors of y?
2
Suppose 0 = -t + 5, -5*m + 207 + 1368 = 5*t. What are the prime factors of m?
2, 5, 31
Let w(i) = -7*i + 6*i + 2 + 0*i. List the prime factors of w(-2).
2
Let d = 22 - 14. Suppose -g = -4 - d. What are the prime factors of g?
2, 3
Let s(x) = x**2 + 2*x - 6. List the prime factors of s(-8).
2, 3, 7
Let v = -6 + 9. Suppose -3 = -v*z + 3. What are the prime factors of 21 - (4 - z/1)?
19
Let b(a) be the third derivative of -a**4/6 + a**3/6 - 2*a**2. List the prime factors of b(-1).
5
Let f be (14/4 + -2)*2. Suppose 14 = f*r + 2*n, 17 = 4*r + n - 0*n. List the prime factors of r.
2
Let o(z) = -7*z - 8 + 14*z - 3*z. What are the prime factors of o(8)?
2, 3
Let q = -1 + 1. Let n(l) = l**2 + 13. List the prime factors of n(q).
13
Suppose -46 = -s - 0*s. List the prime factors of s.
2, 23
Suppose 0*o = -3*o + 18. Let d = 8 - o. List the prime factors of 3 + 1/d*2.
2
Let w be ((-3)/(-2))/(18/(-48)). Let a(i) = -2*i + 4. List the prime factors of a(w).
2, 3
Let y = 6 - 1. Suppose g = y*n - 23, 3*n - g + 4 = 17. Suppose -5*v - 25 = -n*f, -v + 41 = 5*f - 2. List the prime factors of f.
2
Let p = -5 - -37. What are the prime factors of p?
2
Let n(d) = d**3 - 3. Let v be n(0). Let f = -1 - v. What are the prime factors of f?
2
Let x = 6 - -9. Let n = -1 - 11. List the prime factors of (-32)/n*x/2.
2, 5
Suppose -3*v - 9 = 3*k, 3*k + 0 = v + 3. Suppose -f - 2*b = -1, f - 3*f - b - 1 = k. What are the prime factors of -4*(-3)/2 + f?
5
Suppose 3*l - l - 45 = -5*h, l - 4*h - 42 = 0. Suppose 5*a + 3*w - l = 33, 4*w = 4. What are the prime factors of a?
2, 3
Let p be (-6)/(-33) + (-13)/11. List the prime factors of ((-9)/2)/(p/2).
3
Let y(b) = b**3 - 10*b**2 - 13*b + 15. Let o be y(11). Let j = 10 + o. What are the prime factors of j?
3
Suppose 245*h - 242*h - 180 = 0. What are the prime factors of h?
2, 3, 5
Let z(t) = -t**2 - 4*t + 7. Let y be z(-5). Suppose y*n = n + 5. Let p(r) = r**3 - 6*r**2 + 5*r + 2. What are the prime factors of p(n)?
2
Suppose i + i - 2*l = 20, 5*i - 86 = -4*l. Suppose -3*m + i = -2*x, -x + 5*m - 7 = 2*m. Let n = 16 + x. What are the prime factors of n?
3
Let h(a) = 3*a**2 + 3*a + 2. Let l be (1/(-2))/(1/4). What are the prime factors of h(l)?
2
Let v be (-3 - -2) + 3 - -1. Suppose -4*z = -v*z - 13. List the prime factors of z.
13
Let p = -1 + 6. Suppose 0 = 3*l + p*b + 3, 0 = 3*l - 2*b - b - 21. What are the prime factors of l?
2
Let n be 4/(-14) - 132/(-21). Let y = 2 + n. List the prime factors of y.
2
Let t(q) = q**2 + 3*q - 1. Let p be t(-4). Suppose p = 5*n - 17. Suppose -y - 19 = -2*i, -n*y + 2*y = i - 22. What are the prime factors of i?
2, 3
Suppose -32 = -7*y + 3*y + 3*g, 63 = 5*y + 2*g. Let z = y + 9. Suppose 0 = 4*b + p - z, 4*p - 12 = 2*b - p. List the prime factors of b.
2
Let a(m) = -5*m**2 + 2*m + 1. Let p be a(-1). Let j = p - -10. Let y(h) = -h**3 + 5*h**2 - 4. What are the prime factors of y(j)?
2, 3
Suppose -10*j + 6*j = 5*a - 998, 3*a = 4*j + 586. What are the prime factors of a?
2, 3, 11
Suppose 0 = 11*j - 13*j + 32. What are the prime factors of j?
2
Let n = 4 - -3. Let y be 2/((-2)/(-2))*n. Let t = y - 6. List the prime factors of t.
2
Let z = 73 + 54. List the prime factors of z.
127
List the prime factors of (-4 + 9/3)*-29.
29
Suppose 5*l + 5*d - 25 = 0, 4*l = 3*l - 5*d - 7. Let m(n) = n**3 - 9*n**2 + 9*n - 4. What are the prime factors of m(l)?
2
Suppose 5*j = 5*l + 65, -3*j - l + 52 = j. Let t = -19 + 79. Suppose -4*x + t = -2*p, -x - j + 6 = 5*p. What are the prime factors of x?
13
Let f = 370 - 214. List the prime factors of f.
2, 3, 13
Suppose 18*j + 72 = 19*j. List the prime factors of j.
2, 3
Suppose -190 - 899 = -9*r. List the prime factors of r.
11
Let g(d) = d**2 - 10*d - 4. Let k be g(11). Suppose k*p = 5*p + 70. List the prime factors of p.
5, 7
Suppose 2*n - n = 0. Suppose n*z = -z + 26. What are the prime factors of z?
2, 13
Let a = -7 - -12. Suppose -o + 12 = 3*o, -m = -a*o + 13. Suppose 30 = m*g + g. List the prime factors of g.
2, 5
Let m = 2 + -3. List the prime factors of (20/15)/(m/(-30)).
2, 5
Let o = -31 + 47. Suppose -2*q + 6*q = 16. Suppose 32 = q*i - o. What are the prime factors of i?
2, 3
Suppose 2*l + 1 = 2*y + 13, 0 = -4*l + 5*y + 29. Suppose -i = -26 - l. List the prime factors of i.
3
Suppose 4*j + 2*p + 16 = 0, 8 = 4*j - 8*j - 4*p. Let z = -4 - j. Suppose q - 3*q = 4*x - 14, -z*x = -2*q - 10. List the prime factors of x.
2
Let v be (-24)/(-14) + 6/21. Suppose -v*h = -0*h + 6, 2*z - 12 = -4*h. What are the prime factors of z?
2, 3
Let m(y) = -y + 2. Let i be m(-5). Suppose -i = 2*r - 3*r. List the prime factors of r.
7
Let d(r) = 2*r**3 + 15*r**2 + 75. Let k(c) = -c**3 - 7*c**2 - 37. Let b(v) = -6*d(v) - 13*k(v). What are the prime factors of b(0)?
31
Let w = -2 + 2. Suppose w = -2*m - 0*m + 18. What are the prime factors of m?
3
Let k(c) = 7 + 4*c - 3*c - 3. Suppose -4*v + 24 = 3*o - 9*v, 2*o - 2*v = 12. What are the prime factors of k(o)?
7
Let i = -218 + 383. What are the prime factors of i?
3, 5, 11
Let t be 1 - (2 - 32)/(-2). Let l be 200/10*14/8. Let v = l + t. List the prime factors of v.
3, 7
Let u(y) be the third derivative of -y**5/60 + y**4/4 + y**3/2 - 2*y**2. What are the prime factors of u(6)?
3
Suppose 0 = 3*p + 2*d + 2 - 19, -3*d = 2*p - 8. Suppose 0 = -2*h + 1 + p. List the prime factors of h/14 - (-324)/42.
2
Suppose 3*o = -6, 2*y - 4 + 0 = o. What are the prime factors of ((-12)/(-2) - y)*1?
5
Let a(u) = 5*u**2 - 27*u - 2. What are the prime factors of a(8)?
2, 3, 17
Let g = -37 + 70. List the prime factors of g.
3, 11
List the prime factors of 3*(51 + -4) + -1.
2, 5, 7
Suppose 0 = -6*c + 4*c + 12. Suppose 3*z - z = c. Suppose 4*n = -z*o + 25, -o + 70 = 5*n - 5*o. What are the prime factors of n?
2, 5
Suppose 0 = -2*